 + -17. Let h(a) = 4*a**2 + 5*a + 10. Let i(f) = y*l(f) + 4*h(f). What are the prime factors of i(-3)?
37
What are the prime factors of (-2984)/(-6) - (-3)/(-9)?
7, 71
Let d(k) = 12*k + 20. Let i(y) = -4*y - 7. Let r(f) = -5*d(f) - 16*i(f). Let w be r(6). Suppose -2*x = -w - 6. What are the prime factors of x?
3, 7
Let d = 28 - 24. Suppose 0*q + 112 = d*q. List the prime factors of q.
2, 7
Let c be -3 - 33/(-9) - 86/(-6). List the prime factors of (49*2/(-2))/((-5)/c).
3, 7
Let u be (-3)/(-12) - 3/12*29. Suppose h = -h + 46. Let w = h + u. List the prime factors of w.
2
Let v be (1/(-2))/((-6)/(-5832)). Let f be v/(-15) - (-4)/(-10). Suppose 4*x + f = 5*x. List the prime factors of x.
2
Let q be (8/2)/((-52)/(-39)). Suppose -2 = -m, -2*g - q*m = -3*g + 39. Suppose -4*f + 51 + g = 0. What are the prime factors of f?
2, 3
Let a(g) = -7*g + 14. Let j be a(-14). List the prime factors of 2*4*j/32.
2, 7
Let x = -25 + 29. What are the prime factors of -2 + 58 + -9 + x?
3, 17
Suppose -3*s = -50 - 247. Suppose 5*a + s = 8*a. Suppose 83 - a = 2*q. What are the prime factors of q?
5
Let l(g) = -18*g**3 + 10*g**2 + 8*g - 36. List the prime factors of l(-5).
2, 3, 101
Let g(x) = 13*x + 190. What are the prime factors of g(-6)?
2, 7
Suppose 0 = -n + 3 + 1. Suppose 0 = 2*y + 5*j - 10, -n*y - 4*j + 2*j + 4 = 0. List the prime factors of (y - 21)/((-6)/4).
2, 7
Let p = -23 + 11. Let y = 16 - p. What are the prime factors of y?
2, 7
Let x(u) = -u - 5. Let j be x(-7). Let m(b) = 11*b. What are the prime factors of m(j)?
2, 11
Let x = -2766 + 5428. List the prime factors of x.
2, 11
Suppose 11 = 5*q + a, 0 = -4*q - 0*q - 3*a. Suppose -q*s + 8*s + 40 = 0. Let m = s + 11. List the prime factors of m.
3
Suppose 6 = -2*u + 20. Suppose 4*x - u*x = -114. List the prime factors of x.
2, 19
Suppose 4*p - 337 = 5*h, -4*h = -5*p - 188 + 598. What are the prime factors of p?
2, 3, 13
Suppose -615 = -2*o - i, -i + 193 + 116 = o. What are the prime factors of o?
2, 3, 17
Let u be (-2)/(-7) + 1256/14. Suppose u = 9*y - 306. Suppose -5*c - 2*l + 112 = -0*l, c - 5*l - y = 0. List the prime factors of c.
2, 3
Suppose -859*b = -853*b - 11340. List the prime factors of b.
2, 3, 5, 7
Let a(g) = -1. Let d(t) = -t**2 - 4*t + 6. Let n(y) = a(y) - d(y). Let h be n(-6). Suppose 8*q - 96 = h*q. What are the prime factors of q?
2
Suppose -4*a + 128 = 4*y + y, 2*a = -y + 22. Let i = y + 57. What are the prime factors of i?
5, 17
Let g(c) = -c + 12. Let h(a) = a - 14. Let j(k) = -5*g(k) - 4*h(k). Suppose -6*m + 30 = -3*m. List the prime factors of j(m).
2, 3
Let h(u) = -u**3 + 9*u**2 + 26*u + 22. What are the prime factors of h(-9)?
2, 7, 89
Suppose 9*w - 6*w = 15. Suppose -r - w*n - 17 = 0, -3*r + 5 = 4*n + 12. Let m = r - -5. What are the prime factors of m?
2
Let l = -4896 - -6958. What are the prime factors of l?
2, 1031
Let i = -19 - -4. Let o = -12 - i. Suppose 3*r = -2*c + 35, -o*c + 0*r + 58 = -r. What are the prime factors of c?
19
Let n = -183 - -887. List the prime factors of n.
2, 11
Let i(m) = m - 6. Let x be i(7). Suppose s = x + 1. Suppose 26 = 2*q + 2*p, -s*q + 4 = -4*q + 4*p. List the prime factors of q.
2
Let n(v) = v**3 + 10*v**2 + 11*v + 23. What are the prime factors of n(8)?
3, 421
Let k(v) = 8*v - 4. Let m be k(1). Suppose -p + 187 = 2*t + m*p, -t = -3*p - 77. What are the prime factors of t?
2, 43
Suppose 5*c - 2 = -0*c + 4*m, -c - 8 = -5*m. List the prime factors of (4 + -7)/(c/((-54)/1)).
3
Let o be 3 + 996/(0 + 3). Suppose 2*w + 5*j = 125, 6*w + 5*j = w + o. Let a = w + -21. What are the prime factors of a?
7
Suppose 0 = -2*x + 5*j + 9, -5*j + 5 - 38 = x. Let f(h) = -h - 5. Let b be f(x). Suppose 2*c + q = 25, -39 = -b*c - 2*q - 4. List the prime factors of c.
3, 5
Let p = 7 + -1. Let g = 433 + -104. Suppose g = p*v + 11. What are the prime factors of v?
53
Let b = 4990 - 2775. What are the prime factors of b?
5, 443
Let l = 11 - 6. Suppose 2*p + 5*o - 70 = 0, 0 = -5*p + l*o - 2*o + 237. What are the prime factors of p?
3, 5
Let y(h) = 2*h**2 - 3*h + 4. Suppose 7*c = 4*c + 18. What are the prime factors of y(c)?
2, 29
Suppose 2*y = j - 2*y + 14, -3*j - 4*y = -22. Suppose 24 = 2*x + z + 111, j*z - 141 = 3*x. List the prime factors of (-10)/x - (-824)/18.
2, 23
Let p(m) = -m**3 + 4*m**2 - 2*m + 480. List the prime factors of p(0).
2, 3, 5
Suppose -13*k = -4*k - 18. Suppose 2 + k = -2*g, -1522 = -5*p - 4*g. List the prime factors of p.
2, 3, 17
Let d(x) = -36*x + 35. List the prime factors of d(-26).
971
Let x(b) = 2*b - 3. Let a be x(3). Let r(u) = u - 2*u**2 + 3*u**2 + a*u**2 + 3. List the prime factors of r(-3).
2, 3
Suppose -13*x + 4875 = -1612. List the prime factors of x.
499
Let d = 14 + -10. Suppose 2*w - w = -i + 60, 0 = -d*w - 4. Suppose i = 3*v + 16. What are the prime factors of v?
3, 5
Suppose -2*k = -5*x + 6, -k = -x - 4*k - 9. Suppose 5*q - d - 90 = x, -2*q - 2*d = -45 + 9. What are the prime factors of q?
2, 3
Let z(q) = 7*q**2 + q**2 + 0*q - 6*q**2 + 2*q - 4. List the prime factors of z(6).
2, 5
Let r(m) = m**3 + 4*m**2 - 7*m - 5. Let v be r(-5). Let g(f) = f**3 - f**2 - 9*f + 13. List the prime factors of g(v).
2, 17
Let o(c) = c**2 + 2*c - 25. Let x be o(-10). Suppose 6*u - 7*u + x = 0. List the prime factors of u.
5, 11
Let y = 1568 - 738. List the prime factors of y.
2, 5, 83
Suppose 7*h - 1011 - 683 = 0. What are the prime factors of h?
2, 11
Let i(h) = 12*h**2 + 15*h + 45. What are the prime factors of i(-7)?
2, 3, 11
Let f(n) = n**2 - 3*n + 4. Let b be f(4). Let g be 4/b*(1 - -7). Suppose 2*a + g*r - 24 = 0, -a + 10 = 5*r - 2. What are the prime factors of a?
2, 3
Let k = 238 + 148. List the prime factors of k.
2, 193
List the prime factors of 5 + (-1 - -2) + (-920)/(-1).
2, 463
Let h(r) = 40*r - 1. Let p be h(-2). What are the prime factors of p/(-4) + 1/(-4)?
2, 5
Let m be (-3245)/(-33) + (-2)/(-3). Suppose 4*o + m = 3*o. List the prime factors of (1 - o/(-6))*-2.
31
List the prime factors of (-10585)/58*(-1 - 11/5).
2, 73
List the prime factors of 868 + ((-4)/(-16))/((-1)/4).
3, 17
Let s be (-37)/(-13) + (-4)/(-26). Suppose -3*r = 6, s*n + 0*r - 79 = -r. Let c = n + -13. What are the prime factors of c?
2, 7
Suppose -6 - 4 = -5*t, -4*t = -4*o. Suppose -o*z = 3*w - 0*z - 88, 3*w - 95 = 5*z. List the prime factors of w.
2, 3, 5
Suppose 136 = 4*h - 24. List the prime factors of ((-60)/(-48))/(2/h).
5
Suppose 4*w + 62 = 2*o - 2, -4*o = -3*w - 58. Let a be 2/(-7) + (-1698)/w. Suppose 5*m - a + 6 = 0. What are the prime factors of m?
23
Let k(h) = 3*h + 16. Let b be k(-12). Let y = 33 + b. List the prime factors of y.
13
Suppose 0 = 5*h + h - 78. Let o(p) = -p**3 + 13*p**2 + p + 29. List the prime factors of o(h).
2, 3, 7
Suppose 3*l - 4*j = -106, -5*l - 186 = -j - j. Let p be (l/(-4))/(10/20). Let g = 45 - p. List the prime factors of g.
2, 13
Let s be 940/18 + 2/(-9). Let f = -38 + s. What are the prime factors of f?
2, 7
Let y(l) be the second derivative of -l**4/12 + 3*l**3/2 - 5*l**2/2 + 3*l. Let j be y(9). Let b = j + 10. List the prime factors of b.
5
Let p(y) = y**2 - 11*y + 25. Let t be p(8). What are the prime factors of (-724)/(-3) + t + (-4)/3?
241
Let o(f) = -f**2 + 5*f - 4. Let t be o(3). Suppose 0 = -v + t. What are the prime factors of (31 + -7)*(v - 1)?
2, 3
Let a = -40 + 77. Suppose 8*r - a = 7*r. What are the prime factors of r?
37
List the prime factors of (1/2 + 0)*(3 + 1451).
727
Let b(c) = 310*c**2 - 9*c - 7. What are the prime factors of b(-1)?
2, 3, 13
Suppose 2*f = -4*q + 50, -q - 3 + 11 = -4*f. Suppose q*o - 5*o = 1274. List the prime factors of o.
2, 7, 13
Let t = 2564 + -1596. What are the prime factors of t?
2, 11
Let l be ((-30)/6 - -51)/(1/2). Let s = 145 - l. What are the prime factors of s?
53
Suppose -3*y - o = -14293, 3*y - 9667 = 5*o + 4620. What are the prime factors of y?
2, 3, 397
Suppose -5*q - 3 = -4*f - 5, -4*f = 2*q + 16. Let p be (-1)/q*(-40)/(-5). What are the prime factors of ((p*32)/(-4))/(-1)?
2
Suppose 4*p = -3*c - 0*c + 66, 5*c = -4*p + 70. Let i = -185 + 263. What are the prime factors of (p/10)/(9/i)?
13
Let m = -717 - -4893. List the prime factors of m.
2, 3, 29
Let x = 1 - 2. Let j = x + 7. Let w = j - 4. What are the prime factors of w?
2
Let b(r) be the second derivative of 0 - 4*r - 1